{"id":575,"date":"2024-04-24T17:48:50","date_gmt":"2024-04-24T20:48:50","guid":{"rendered":"https:\/\/hdfull.com.br\/?page_id=575"},"modified":"2024-04-24T17:52:23","modified_gmt":"2024-04-24T20:52:23","slug":"politica-de-cancelamento","status":"publish","type":"page","link":"https:\/\/hdfull.com.br\/index.php\/politica-de-cancelamento\/","title":{"rendered":"politica de cancelamento"},"content":{"rendered":"\t\t<div data-elementor-type=\"wp-page\" data-elementor-id=\"575\" class=\"elementor elementor-575\" data-elementor-post-type=\"page\">\n\t\t\t\t<div class=\"elementor-element elementor-element-ea62cae e-flex e-con-boxed e-con e-parent\" data-id=\"ea62cae\" data-element_type=\"container\" data-settings=\"{&quot;content_width&quot;:&quot;boxed&quot;}\" data-core-v316-plus=\"true\">\n\t\t\t\t\t<div class=\"e-con-inner\">\n\t\t\t\t<div class=\"elementor-element elementor-element-4e23082 elementor-widget elementor-widget-heading\" data-id=\"4e23082\" data-element_type=\"widget\" data-widget_type=\"heading.default\">\n\t\t\t\t<div class=\"elementor-widget-container\">\n\t\t\t<style>\/*! elementor - v3.19.0 - 07-02-2024 *\/\n.elementor-heading-title{padding:0;margin:0;line-height:1}.elementor-widget-heading .elementor-heading-title[class*=elementor-size-]>a{color:inherit;font-size:inherit;line-height:inherit}.elementor-widget-heading .elementor-heading-title.elementor-size-small{font-size:15px}.elementor-widget-heading .elementor-heading-title.elementor-size-medium{font-size:19px}.elementor-widget-heading .elementor-heading-title.elementor-size-large{font-size:29px}.elementor-widget-heading .elementor-heading-title.elementor-size-xl{font-size:39px}.elementor-widget-heading .elementor-heading-title.elementor-size-xxl{font-size:59px}<\/style><h2 class=\"elementor-heading-title elementor-size-default\">* POL\u00cdTICA SOBRE ARREPENDIMENTO DE COMPRA DE PRODUTO DIGITAL:<\/h2>\t\t<\/div>\n\t\t\t\t<\/div>\n\t\t\t\t\t<\/div>\n\t\t\t\t<\/div>\n\t\t<div class=\"elementor-element elementor-element-842eb82 e-flex e-con-boxed e-con e-parent\" data-id=\"842eb82\" data-element_type=\"container\" data-settings=\"{&quot;content_width&quot;:&quot;boxed&quot;}\" data-core-v316-plus=\"true\">\n\t\t\t\t\t<div class=\"e-con-inner\">\n\t\t\t\t<div class=\"elementor-element elementor-element-70f9afa elementor-widget elementor-widget-text-editor\" data-id=\"70f9afa\" data-element_type=\"widget\" data-widget_type=\"text-editor.default\">\n\t\t\t\t<div class=\"elementor-widget-container\">\n\t\t\t<style>\/*! elementor - v3.19.0 - 07-02-2024 *\/\n.elementor-widget-text-editor.elementor-drop-cap-view-stacked .elementor-drop-cap{background-color:#69727d;color:#fff}.elementor-widget-text-editor.elementor-drop-cap-view-framed .elementor-drop-cap{color:#69727d;border:3px solid;background-color:transparent}.elementor-widget-text-editor:not(.elementor-drop-cap-view-default) .elementor-drop-cap{margin-top:8px}.elementor-widget-text-editor:not(.elementor-drop-cap-view-default) .elementor-drop-cap-letter{width:1em;height:1em}.elementor-widget-text-editor .elementor-drop-cap{float:left;text-align:center;line-height:1;font-size:50px}.elementor-widget-text-editor .elementor-drop-cap-letter{display:inline-block}<\/style>\t\t\t\t<p>\u26a0\ufe0f <strong>Leitura Obrigat\u00f3ria!<\/strong><\/p><p>O direito de arrependimento \u00e9 v\u00e1lido para arrependimento da \u201ccompra\u201d. N\u00e3o coberto caso o material j\u00e1 tenha sido baixado, montada a ferramenta e\/ou a utilizada. Nosso sistema verifica se o material foi baixado ou n\u00e3o pelo comprador, atrav\u00e9s de uma \u00c1rea de Membros exclusiva.<\/p><p>Com base no c\u00f3digo de defesa do consumidor, descrito na Lei n\u00ba 8.078. Todo consumidor tem o direito de solicitar reembolso do produto em casos de compra fora de estabelecimento comercial f\u00edsico por qualquer motivo que seja. Diante disso, a HDFUU exerce dentro da lei o direito ao cliente, o prazo de 07 dias de garantia para que voc\u00ea, cliente, solicite o reembolso do produto.<\/p><p>Por\u00e9m, com base no artigo 38, da Lei n\u00ba 8.078, por se tratar de um PRODUTO DIGITAL (INFOPRODUTO) com CONSUMO DE NATUREZA IMEDIATA, ou seja, ele \u00e9 entregue 100% para download antes dos 07 dias de garantia do produto, informamos que ao consumir o material clicando no acesso enviado ap\u00f3s a confirma\u00e7\u00e3o de pagamento, voc\u00ea perder\u00e1 a garantia de reembolso do produto, tendo em vista que foi efetivado o download do material e n\u00e3o pode ser devolvido, j\u00e1 que o mesmo foi tomado para si na hora do download.<\/p><p>Caso prossiga para abertura do material entregue, voc\u00ea estar\u00e1 concordando com os termos de IMPOSSIBILIDADE DE DEVOLU\u00c7\u00c3O. Entendendo que ao fazer o download do material, voc\u00ea o tomou para si e n\u00e3o te cabe o direito de ser reembolsado. Seria o mesmo que comprar um alimento, consumi-lo e solicitar o reembolso parcial ou cheio do valor pago pelo mesmo. (Isso significa entrega de natureza imediata)<\/p><p>Caso insista em tentativa de reembolso ap\u00f3s ter tomado para si o material, isto se caracteriza fraude e se enquadra como crime de estelionato, conforme descrito no DECRETO \u2013 LEI N\u00ba 2.848, DE 7 DE DEZEMBRO DE 1940 Art. 171. \u2013 \u201cObter, para si ou para outrem, vantagem il\u00edcita, em preju\u00edzo alheio, induzindo ou mantendo algu\u00e9m em erro, mediante artif\u00edcio, ardil, ou qualquer outro meio fraudulento.\u201d<\/p><p>Portanto, antes de realizar a compra, por favor tire todas as suas d\u00favidas para n\u00e3o haver problemas com os tr\u00e2mites relacionados a processos de devolu\u00e7\u00e3o.<\/p><p><strong>Observa\u00e7\u00e3o: <\/strong><\/p><p>Todas as informa\u00e7\u00f5es descritas acima est\u00e3o devidamente cobertas nos termos do Artigo 49 do CDC (C\u00f3digo de Defesa do Consumidor) e do Artigo 5\u00b0 da Lei do E-commerce (Decreto Federal n\u00ba 7.962\/2013).<br \/>IMPORTANTE:<\/p>\t\t\t\t\t\t<\/div>\n\t\t\t\t<\/div>\n\t\t\t\t\t<\/div>\n\t\t\t\t<\/div>\n\t\t\t\t<\/div>\n\t\t","protected":false},"excerpt":{"rendered":"<p>* POL\u00cdTICA SOBRE ARREPENDIMENTO DE COMPRA DE PRODUTO DIGITAL: \u26a0\ufe0f Leitura Obrigat\u00f3ria! O direito de arrependimento \u00e9 v\u00e1lido para arrependimento da \u201ccompra\u201d. N\u00e3o coberto caso o material j\u00e1 tenha sido baixado, montada a ferramenta e\/ou a utilizada. Nosso sistema verifica se o material foi baixado ou n\u00e3o pelo comprador, atrav\u00e9s de uma \u00c1rea de Membros [&hellip;]<\/p>\n","protected":false},"author":1,"featured_media":0,"parent":0,"menu_order":0,"comment_status":"closed","ping_status":"closed","template":"elementor_canvas","meta":{"footnotes":""},"class_list":["post-575","page","type-page","status-publish","hentry"],"_links":{"self":[{"href":"https:\/\/hdfull.com.br\/index.php\/wp-json\/wp\/v2\/pages\/575","targetHints":{"allow":["GET"]}}],"collection":[{"href":"https:\/\/hdfull.com.br\/index.php\/wp-json\/wp\/v2\/pages"}],"about":[{"href":"https:\/\/hdfull.com.br\/index.php\/wp-json\/wp\/v2\/types\/page"}],"author":[{"embeddable":true,"href":"https:\/\/hdfull.com.br\/index.php\/wp-json\/wp\/v2\/users\/1"}],"replies":[{"embeddable":true,"href":"https:\/\/hdfull.com.br\/index.php\/wp-json\/wp\/v2\/comments?post=575"}],"version-history":[{"count":4,"href":"https:\/\/hdfull.com.br\/index.php\/wp-json\/wp\/v2\/pages\/575\/revisions"}],"predecessor-version":[{"id":580,"href":"https:\/\/hdfull.com.br\/index.php\/wp-json\/wp\/v2\/pages\/575\/revisions\/580"}],"wp:attachment":[{"href":"https:\/\/hdfull.com.br\/index.php\/wp-json\/wp\/v2\/media?parent=575"}],"curies":[{"name":"wp","href":"https:\/\/api.w.org\/{rel}","templated":true}]}}